23. Calculate the remainder when 63 is divided by q.
11
Let o(r) = 8*r**2 - 4*r + 2. Suppose -5*v = 20, -2*w - 5*v = -0*w + 16. What is the remainder when o(w) is divided by (0 + (0 - 3))*-3?
8
Let u = -4 + 3. Calculate the remainder when (-5 + u)/(6/(-27)) is divided by 15.
12
Suppose 6 = 5*r - 14, 0 = 2*p + 2*r - 44. What is the remainder when p is divided by 5?
3
Let l(f) be the first derivative of -f**4/4 - 2*f**3 - f**2 - 9*f - 1. Let d be l(-6). Suppose d*b - 60 = -0*b. What is the remainder when b is divided by 11?
9
Let f(z) = 3*z**2 - 2*z. Let o(n) = -6*n**2 + 3*n + 1. Let h(b) = 5*f(b) + 2*o(b). What is the remainder when 100 is divided by h(4)?
32
Suppose -51 = -2*r + 25. Suppose 0 = 3*n + i - 55, 13 = -4*i + 5. Suppose -3*t = -n - 41. Calculate the remainder when r is divided by t.
18
Suppose -14 = -2*t - 0. Calculate the remainder when 25 is divided by t.
4
Suppose -r = 2*r - 27. What is the remainder when r is divided by 3?
0
Let d(w) = -w**3 + 13*w**2 + 3*w - 11. Let n(c) = -c**3 + 7*c**2 - 5*c + 9. What is the remainder when d(13) is divided by n(6)?
13
Let d(y) = y**2 + 2*y - 31. What is the remainder when 60 is divided by d(-8)?
9
Let d = -4 - -14. Suppose 5 = 3*q - 13. What is the remainder when d is divided by q?
4
Calculate the remainder when 27 is divided by ((-174)/(-8))/1 + (-11)/(-44).
5
Let t(l) = 3*l - 7. Let m(y) = 7*y - 14. Let r(p) = 2*m(p) - 5*t(p). Calculate the remainder when 9 is divided by r(4).
0
Let v(l) = -2*l**2 - 3*l**2 + l**3 + 4 + l - 2*l. Let h be v(5). Calculate the remainder when 10/8 - h/(-4) is divided by 1.
0
Suppose 4*c = 0, 0*v + c = 4*v - 56. Calculate the remainder when v is divided by (-6)/(-4)*90/27.
4
Let v(u) = -11*u**2 + 41*u. Let q(k) = -5*k**2 + 20*k. Let m(b) = -13*q(b) + 6*v(b). Calculate the remainder when m(-9) is divided by 12.
9
Let u(g) = g**2. Calculate the remainder when 15 is divided by u(3).
6
Let g(o) = o**3 - 8*o**2 - 9*o + 9. Let l(p) = 3*p - 5. Let r = -9 - -16. What is the remainder when l(r) is divided by g(9)?
7
Suppose -4*n + 4 + 231 = -3*y, -n + 3*y + 70 = 0. What is the remainder when n is divided by 19?
17
Suppose -4*i = 9*i - 312. Calculate the remainder when 215 is divided by i.
23
Suppose 2*c + 49 = 3*k, 4*c = -4*k + 33 - 161. Let n = c + 49. Let s = 7 + 0. Calculate the remainder when n is divided by s.
6
Let a = -14 + 14. Suppose -p + 5*y - 4 - 1 = 0, a = 4*y - 8. Calculate the remainder when p is divided by 2.
1
Let g(b) = -b**2 - 8*b - 3. Let i be g(-6). Let w = 39 + -18. Let k = w - i. Calculate the remainder when k is divided by 7.
5
Let s = 3 + 0. Let j(o) = -o**2 + 8*o - 2. Calculate the remainder when 25 - ((-2)/(-2))/1 is divided by j(s).
11
Suppose 0 = -3*v + 4*v - 50. Let s(c) = c**2 - 4*c + 5. What is the remainder when v is divided by s(6)?
16
Suppose 4 = 3*f + 4*b - 8, 0 = 5*f - 4*b + 12. Let z(v) = v + 3. What is the remainder when z(f) is divided by 2?
1
Suppose -j = -4*i + 3*i + 11, i - 3*j = 17. Suppose z - 5*z = -i. What is the remainder when z is divided by 1?
0
Suppose -3*d + 141 = 21. What is the remainder when d is divided by 9?
4
Let h(n) = n**2 + 6*n + 4. Let r be h(-5). Suppose -2*g - 8 + 30 = 0. Calculate the remainder when r/((-2)/4)*10 is divided by g.
9
Suppose 2*m = -q + 6 + 17, m + 21 = 2*q. Calculate the remainder when 49 is divided by q.
10
Suppose -4*i = -3*k + 467, 0*k - 2*i + 330 = 2*k. What is the remainder when k is divided by 41?
38
Let z(s) = -5*s - 4. Calculate the remainder when z(-6) is divided by 14.
12
Let l(w) = -w + 12. Let s be l(6). Suppose -3*x = -2*d - 76 + s, 4*x + 5*d = 55. What is the remainder when x is divided by 11?
9
Suppose v + 115 = h + 5*v, 0 = -2*h + 5*v + 230. What is the remainder when h is divided by 39?
37
Let w(c) = -c**3 + c**2 + c + 1. Let y be w(-1). Suppose -y*t + 3*t + 3 = 0. Calculate the remainder when 15 is divided by (t + 4)/((-3)/(-24)).
7
Suppose 23*d - 21*d = 12. What is the remainder when 17 is divided by d?
5
Let z = -45 + 60. What is the remainder when 73 is divided by z?
13
Let m = 17 - 11. Calculate the remainder when ((-4)/(-6))/((-4)/(-102)) is divided by m.
5
Let j(g) = -6*g + 3. What is the remainder when j(-4) is divided by (-6)/2 + (-78)/(-6)?
7
Let p = 83 + -52. Calculate the remainder when 92 is divided by p.
30
Let t = 4 + -4. What is the remainder when 11 is divided by ((-12)/(2 + t))/(-2)?
2
Let p(z) = 6*z - 8. Let l(a) = -3*a + 2. What is the remainder when l(-17) is divided by p(6)?
25
What is the remainder when 84 is divided by (-4 - -2 - 0) + 45?
41
Let x(c) = 4*c**2 - 2*c + 2. Let v be x(3). Suppose 3*g + g - v = 0. What is the remainder when 30 is divided by g?
6
Suppose 299 = 4*m + 55. Calculate the remainder when m is divided by 21.
19
Let v = 117 - 28. What is the remainder when v is divided by 23?
20
Suppose 2*r + 2*u - 38 = -0*r, u + 13 = r. Calculate the remainder when 47 is divided by r.
15
Let c = -22 + 54. Calculate the remainder when 126 is divided by c.
30
Suppose 5*x = -2*d + 20, d - x + 0*x - 24 = 0. Calculate the remainder when 34 is divided by d.
14
Let v(q) = -q**3 - 8*q**2 - q + 6. Let u = 0 - -4. Calculate the remainder when v(-8) is divided by u.
2
Let a(k) = -2*k - 6. Let u be a(-4). Let l be -8 - u*(-1)/2. Let r = l - -42. Calculate the remainder when r is divided by 12.
11
Let z(y) = 2*y + 6. Let f be z(-5). Let x = 17 - f. Suppose -3*p + 12 = 3*v - 6*p, 4*v + p - x = 0. Calculate the remainder when 18 is divided by v.
3
Let y(a) = -a**2 + 20*a - 46. What is the remainder when y(13) is divided by 24?
21
Let u(v) = v**2 - v + 3. Suppose 3*k = -2*k - 15. Calculate the remainder when u(k) is divided by 8.
7
Suppose 2*z + 4*k - 16 = 0, 67 = -0*z + 5*z + k. Suppose -2*i + z = -i. Calculate the remainder when i is divided by 8.
6
Calculate the remainder when ((-558)/(-8) - 7/(-28)) + -1 is divided by 18.
15
Let i(d) = -2*d**2 - 4. Let l be i(6). Let s = 127 + l. What is the remainder when s is divided by 18?
15
Suppose 2*g - 86 = 54. Suppose -n + f + 26 = 0, n - f - g = -2*n. What is the remainder when n is divided by 8?
6
Let d be (-11 + 11)/(-4 - -1). Suppose v + 0*v - 23 = d. What is the remainder when v is divided by 6?
5
Suppose 3*g - 71 = -5. Calculate the remainder when 55 is divided by 29/2 + (-11)/g.
13
Let r = -12 + 149. What is the remainder when r is divided by 28?
25
Let g = -34 - -56. Calculate the remainder when g is divided by 12.
10
Suppose -2*h + 7 = 3*u, -5*h + 2*u + 50 = 3*u. What is the remainder when 41 is divided by h?
8
Suppose 0 = 3*q - 15. Suppose 35 = q*t - 30. What is the remainder when 48 is divided by t?
9
Calculate the remainder when 10 is divided by 30/12*(-16)/(-10).
2
Suppose -o + t + 31 = 2*o, 0 = o - 2*t - 7. Suppose -2*q - 30 + 5 = -l, 2*q = -2*l - 28. Let x = -9 - q. Calculate the remainder when o is divided by x.
3
Suppose -3*f = -184 - 65. What is the remainder when f is divided by 17?
15
Suppose 7 = 3*h - 5. Let p(d) = 2*d**3 - 6*d**2 + 4*d - 2. Let x = 33 - 9. Calculate the remainder when p(h) is divided by x.
22
Let s = 191 - 189. Suppose 5*c = -3*x + 44, -3 - 5 = c - 5*x. What is the remainder when c is divided by s?
1
Let x(y) = -y**3 + 7*y**2 + 2*y - 10. Calculate the remainder when 15 is divided by x(7).
3
Let s(k) = k. Let x be s(0). Suppose x + 83 = 2*q - t, -5*q + 209 = -t. What is the remainder when q is divided by 11?
9
Let b be 1/2 + 11/2. Let m = b + -4. Suppose y + 117 = 2*k + m*k, -4*k = -3*y - 127. What is the remainder when k is divided by 10?
8
Let g = -8 + 41. Let n(r) = -11*r. Let t be n(2). Let v = g + t. Calculate the remainder when 32 is divided by v.
10
Suppose 10 + 256 = 7*y. What is the remainder when y is divided by 14?
10
Let n = 41 + -13. What is the remainder when 50 is divided by n?
22
Suppose 8*z = 4*z + 212. Calculate the remainder when z/(-4)*-4*1 is divided by 9.
8
Let j = -78 + 114. What is the remainder when 177 is divided by j?
33
What is the remainder when 4 is divided by 3/18 + (340/24)/17?
0
Let j = 62 - 5. What is the remainder when j is divided by 12?
9
Let d be 1*(-1 + 2) + 1. Suppose -2*y = -10, -y - 2*y = d*i - 81. What is the remainder when i is divided by ((-2)/(-3))/2*51?
16
Let t(z) = -z**3 + 3*z**2 + 2*z + 4. Let a(l) = 3*l**2 - 2*l**2 + l + 1 + 7*l